+ 28 = 3*w. Calculate the greatest common divisor of 28 and h.
7
Let p(j) be the first derivative of 15*j**2 - 105*j - 176. Let l be p(15). Calculate the highest common divisor of 138 and l.
69
Suppose 48 = q - 5*s + 8, 5*s = 5*q - 280. Let f = 148 - q. Let n = 97 - f. What is the greatest common divisor of 144 and n?
9
Let c be (-735)/105*(-1 + (-3)/(-7)). Let h be ((-112)/(-40) - c)/((-6)/40). Calculate the highest common divisor of 152 and h.
8
Let r = 328 - -147. Calculate the highest common divisor of r and 304.
19
Let c be (-4 + (-21)/(-6))/(1/6). Let h be ((-1)/4 - 294/72)*c. Calculate the greatest common divisor of h and 117.
13
Let n = -354 + 400. Suppose -n*h = -53*h + 119. Calculate the greatest common divisor of 51 and h.
17
Suppose -5*a - 124*z + 120*z + 129 = 0, -3*a - 4*z = -71. Let y be 116*(-3)/(24/(-10)). What is the highest common factor of y and a?
29
Suppose 5071 = 23*n - 5992. Let d = 33 - 20. Calculate the greatest common divisor of n and d.
13
Let d = -452 + 797. Let f = 481 - d. Calculate the greatest common factor of 238 and f.
34
Suppose 2 = 2*b, 783*v - 5*b = 778*v + 49150. Calculate the highest common factor of 29 and v.
29
Let m = 1975 + 13636. What is the greatest common factor of m and 67?
67
Suppose 10069 = 13*t - 105423. What is the highest common factor of 4 and t?
4
Let b(i) be the first derivative of -3/2*i**2 + 24*i + 9 - 1/3*i**3. Let o be b(-6). Calculate the highest common divisor of o and 4.
2
Suppose n = -4*g + 15, 4*g - 43 = -2*n - 1. Let h be (2/(-6))/(3/(-27)). What is the highest common divisor of n and h?
3
Suppose -31*g = -6999 + 2256. Calculate the greatest common factor of g and 648.
9
Suppose 0 = -3*c + 47 + 91. Let a = -30 + 35. Suppose 0 = 5*l - 4*v - 571, v + 409 + 165 = a*l. Calculate the highest common divisor of l and c.
23
Let k(y) be the third derivative of y**4/24 + 11*y**3/2 + 59*y**2. Let x be k(-27). Calculate the greatest common divisor of 30 and x.
6
Let r = 103 + -73. Let w(j) = 0 + 1 - 3 - r*j. Let l be w(-2). Calculate the highest common factor of l and 87.
29
Let y be 14/(-2)*3024/(-882). Let n(v) = 7*v**3 - 2*v + 1. Let z be n(1). Calculate the highest common divisor of y and z.
6
Suppose -4*w - 5*j = -374, -2*j + 353 + 15 = 4*w. Let s be 1/3*9/1. Suppose s*z = z + 52. What is the highest common divisor of z and w?
13
Let v(l) = l**2 - 36*l - 874. Let c be v(-17). Calculate the greatest common factor of 96 and c.
3
Suppose 0 = -5*d + 2*d + 189. Let g(k) = -3*k - 5. Let a be g(-4). Suppose 40*t = 39*t + a. What is the highest common divisor of t and d?
7
Let m be 6/(-2) - -2*331. Let b = m - 524. Calculate the greatest common divisor of 180 and b.
45
Let t = -42 - -121. Suppose 14*q + 2*o = 15*q - t, q = o + 74. What is the highest common factor of q and 161?
23
Suppose -5*w - 3*n + 705 - 17 = 0, -5*w = -2*n - 708. Calculate the greatest common factor of 860 and w.
20
Suppose 1694 = 4*u - 11*u. Let w = 307 + u. What is the highest common divisor of 143 and w?
13
Let c = -24 - -43. Suppose 0 = 3*o + 50 + 16. Let y = -3 - o. Calculate the highest common divisor of c and y.
19
Suppose 0 = 3*s + 3*t - 33, -3*t - 16 + 4 = 0. Suppose -138 = -59*d + 36*d. What is the greatest common divisor of d and s?
3
Let i(f) = f**2 + f + 5. Let m be i(2). Let j be 25/(-10) - (-32907)/42. What is the greatest common divisor of m and j?
11
Suppose 0 = 5*v - 203 - 392. Let f = v + -112. Calculate the greatest common divisor of 77 and f.
7
Suppose 46 = w + 18. Suppose 38 = t + w. What is the greatest common divisor of 740 and t?
10
Let k = -74 + 78. Suppose k = -v + 14. What is the highest common divisor of 190 and v?
10
Let o = -664 - -684. Calculate the highest common factor of 135 and o.
5
Let b(d) = -300*d + 2760. Let v be b(9). What is the highest common factor of v and 2490?
30
Let v be 375/2*-22*(-9)/297. What is the greatest common factor of v and 1200?
25
Let y(f) = -2*f**3 + 103*f**2 + 163*f - 119. Let l be y(53). What is the greatest common factor of l and 3?
3
Let r(y) = y**2 + 3*y + 273. Let n be r(0). Let i = -720 + 741. What is the greatest common divisor of i and n?
21
Let t = -4 + 8. Let q(j) = 11*j - 4. Let n be q(t). Let o(b) = 10*b - 170. Let x be o(18). Calculate the greatest common divisor of x and n.
10
Let g = 43947 + -43940. Calculate the greatest common divisor of 721 and g.
7
Let w(h) = -13*h - 60. Let c(m) = -24*m - 121. Let p(k) = -6*c(k) + 11*w(k). Let s be p(22). What is the highest common factor of 16 and s?
8
Let t(n) = 9 + 8*n + 7*n - 180*n**2 + 88*n**2 + 93*n**2. Let w be t(-15). What is the highest common divisor of w and 1?
1
Suppose 697 = -4*m + 5*s, 5*m + 44 + 831 = 5*s. Let q = m - -331. Let a be 138/8 + 1/(-4). What is the greatest common divisor of a and q?
17
Let c = -597 - -599. Suppose -3*g + 175 + 8 = t, -3*t = c*g - 563. What is the greatest common divisor of t and 21?
21
Let b(m) = 37*m + 5. Let i be b(2). Let o = i - 13. Suppose 29*x - o = 26*x. Calculate the greatest common factor of x and 2.
2
Suppose -10*d + 153 = -87. Let c be 48 - (-6 + 9) - (2 + 1). What is the highest common factor of c and d?
6
Suppose -4*q - 79 - 10 = -3*k, 5*q + 2 = -k. Let p = k + -9. Let j(b) = -b**3 + b**2 + 2*b + 2. Let a be j(-1). What is the highest common divisor of p and a?
2
Suppose 0 = 4*h - 4*y - 20, -13*h + 8*h + 52 = 4*y. What is the greatest common divisor of h and 5984?
8
Suppose 3 = -y - i, 2*y + i - 3*i = 14. Let z(f) = -5*f - 5. Let q be z(-4). Let a be (-1)/(-3) + 100/q. Calculate the highest common divisor of y and a.
1
Suppose -3750 = -85*w + 178915. What is the greatest common factor of 21 and w?
7
Suppose i - 196 = 15*q - 19*q, 0 = 3*q - 3*i - 147. Let x be 1169/q - (4 + 29/(-7)). Let l be 59 - 1/1*-1. Calculate the highest common divisor of x and l.
12
Let v be 1/(-4) + -9*(-4)/16. Suppose x - v = 17. Suppose 169 = i + x. Calculate the greatest common factor of 100 and i.
50
Suppose -2*m + 127 = -211. Suppose 0 = 3*x - 37 + 7. Suppose -3*u + 51 = -4*j, u - 18 = 5*j + x. Calculate the greatest common factor of m and u.
13
Let c = 32 - 38. Let w be c - (-114 + -1 + -1). Calculate the highest common divisor of 275 and w.
55
Suppose v = 3*v. Suppose v = -y - 3*o + o + 60, -2*y - 2*o = -118. What is the greatest common factor of 522 and y?
58
Suppose -33*z - 15 = -15. Suppose 6*a - 4*j = 4*a + 376, z = 5*a + 4*j - 940. Calculate the highest common divisor of 4 and a.
4
Let g(k) be the first derivative of -4*k**2 - 264*k - 205. Let x be g(-39). Calculate the highest common divisor of x and 168.
24
Let b be 1/(-6) - (5223/(-18) - 6). Let h(q) = 2*q**2 - 14*q - 12. Let u be h(8). Calculate the highest common factor of u and b.
4
Suppose -14*s = 9*s. Let c be (s - 90)*448/(-160). What is the highest common factor of 8 and c?
4
Suppose 87 = 4*y + 4*n - 785, -2*y + 424 = 5*n. What is the highest common divisor of y and 12?
6
Suppose 5*o + 3*d = 11, -49*d = -47*d + 6. Suppose 3*m - 26 = f, o*m + 3 - 36 = 3*f. What is the greatest common factor of m and 48?
3
Let t be 5/(-20)*(-1 - 27). What is the highest common factor of 2 and t?
1
Let c(q) be the third derivative of -4*q**2 + 5/2*q**3 + 0 + 0*q + 1/24*q**4. Let u be c(-6). What is the greatest common factor of u and 27?
9
Let j = 2619 + -2448. Calculate the highest common factor of j and 1824.
57
Let z(u) = -31*u - 24. Let t be z(-4). Suppose -4*q + 4 = -4*y - 0*q, 3*q = -2*y + 13. Let c be 3 + (t - 1) + y. What is the highest common divisor of 26 and c?
26
Suppose 5*c = w + 1333, 5*w + 1058 = 6*c - 2*c. Let y = 443 - c. What is the highest common factor of y and 198?
22
Let p = -14966 + 15439. What is the greatest common divisor of p and 1376?
43
Let g = 49906 - 33793. Calculate the greatest common divisor of g and 246.
123
Let f(j) = 2*j**2 + 11*j - 26. Let l be f(-11). Let q = 10 - -66. What is the highest common divisor of q and l?
19
Suppose -3*o - 83 - 16 = 0. Let n(g) = -3*g**2 - 102*g + 41. Let f be n(o). What is the highest common factor of f and 20?
20
Suppose 0 = -18*f + 14*f + 120. Let v(y) = 40*y**2. Let o be v(-1). What is the highest common factor of o and f?
10
Let j(p) = p**3 - 14*p**2 - 106*p + 1478. Let x be j(16). Calculate the highest common divisor of 4557 and x.
147
Suppose 51*o = 